0/d?
5
Let g(u) = -56*u**3 + 2*u**2 + 2*u + 1. Let n(i) = -i - 8. Let o be n(-7). What is the units digit of g(o)?
7
Suppose 2*g = -6*g + 32. Suppose -g*j - 3*b + 254 = 0, -5*j - b = -0*j - 312. Suppose -5*d + j = -3*d. What is the tens digit of d?
3
Suppose 6 = -w - 0*w. Let n(v) = v**2 + 13. What is the units digit of n(w)?
9
Let y = 1308 - -60. What is the units digit of y?
8
Let q be 2/(-2) + 32/8. Let c(g) = q*g + 12*g + 16 - 11*g. What is the units digit of c(7)?
4
Suppose w = h - 0 + 1, 2 = h + 2*w. Let j be h/(1/(1/2)). Suppose p + 5*v + 6 = j, 3*p - 6 = 4*v - 7*v. What is the units digit of p?
4
Let x(v) = -20*v - 64. What is the tens digit of x(-25)?
3
Let j = -45 - -48. Suppose d - 3*h = -j*d + 491, 0 = 3*d - 3*h - 372. What is the units digit of d?
9
Suppose 0 = -v + 14 + 36. Suppose y - v = -0*y. Suppose -5*f - 20 = -y. What is the units digit of f?
6
Let d(b) = -b**3 - 5*b**2 - b - 1. Suppose -10 + 0 = 2*l. Let g be d(l). Suppose 3*n + g*p - 2*p = 70, 4 = -4*p. What is the units digit of n?
4
Let v = 13 - 46. What is the units digit of (44/(-3))/(22/v)?
2
Let y(h) = h + 10. Let g be y(0). Let i be 8*(g/4 + -2). Suppose 26 = i*q - 42. What is the units digit of q?
7
Suppose 5*x + m - 94 = 3*x, 0 = -2*x + 4*m + 74. Suppose i + 7 = x. What is the tens digit of i?
3
Suppose 3*f = 6*f - 9. Suppose -10 = 5*w + 5*t - 2*t, 3*w + 2*t = -6. What is the units digit of (3 + w)/(f/105)?
5
Let p be 0 + 61/1 + -1. Suppose -17 + p = m. What is the units digit of m?
3
Suppose 3*o - 20 - 87 = -4*n, -o - 5*n = -43. Suppose -3*i = -0*i - o. What is the tens digit of i?
1
Let r be (-34)/(-4) - 3/6. Suppose 5*w = -20, -2*a - r + 0 = 4*w. What is the units digit of a?
4
What is the tens digit of (-290325)/(-750) + (-1)/10?
8
What is the tens digit of (-17)/6*4*(-57)/2?
2
Let g be (2 - 20/12)*9. Suppose 2*z + 25 = -3*z, -4*q - 3*z = g. Suppose -q*l + 4*l - 3 = 0. What is the units digit of l?
3
Let t(r) be the second derivative of 7*r**6/720 - r**5/12 + r**4/6 - r. Let i(a) be the third derivative of t(a). What is the tens digit of i(9)?
5
Let g(t) = -t**2 + 19*t + 3. Suppose 3*m - 18 - 11 = -w, m = -w + 11. What is the units digit of g(m)?
3
Let j(r) = 13*r + 16. Let u be (4 - (1 + 0)) + -1 + 5. What is the hundreds digit of j(u)?
1
Let p = 40 - -20. Let i = -28 + p. What is the units digit of i?
2
Let y(l) = 2*l**2 - 9*l + 5. Let h be y(7). Suppose 14 = 6*b - h. What is the units digit of b?
9
Let y = 1 - -1. Let s = y - 4. What is the units digit of (-1488)/(-108) - s/9?
4
Let v be 56/40 + (-3)/(-5). Suppose 2*f - 5 = 2*b + 43, -3*f + 77 = -v*b. Let h = f + -17. What is the units digit of h?
2
Suppose -2*d - 2*g = -6*g - 24, -15 = -d - g. Let l be (-15)/(-6) + -4 + 68/8. Let s = d - l. What is the units digit of s?
7
Let g be 3/(1 + 35/(-50)). Let j = 113 - g. What is the hundreds digit of j?
1
Let m(q) = 3*q**2 + 32*q + 40. What is the units digit of m(-21)?
1
Let q = -415 - -693. What is the hundreds digit of q?
2
Suppose 32*q = 5*d + 28*q - 653, -d + 131 = -q. What is the hundreds digit of d?
1
What is the thousands digit of 318742/(-159)*3/(-2)?
3
Let h = 24 - 14. Let k be (12/h)/(16/840). Let f = k - 11. What is the units digit of f?
2
Suppose 27*d = 28*d - 135. Suppose -d = -6*s + 333. Suppose -7*b + s = -4*b. What is the units digit of b?
6
Suppose -22*f + 3089 = -6525. What is the hundreds digit of f?
4
Let w(g) = 2*g**2 + 8*g - 6. Let i be w(-5). Suppose -2*p + 3*p = -2, i*p + 26 = 3*j. What is the units digit of j?
6
Let l(b) = 15*b**2 - 8*b - 4. What is the tens digit of l(3)?
0
What is the tens digit of (1265/44)/(5/380)?
8
Let i(l) = -2*l**3 + 50*l**2 + 5*l + 59. What is the hundreds digit of i(24)?
3
What is the tens digit of -6 - (0 - 0) - -632?
2
Suppose -15 = -5*v + 15. Suppose -m - 5*x = -93, -m = -v*m + x + 413. What is the tens digit of m?
8
Suppose v = 5*n - 2387, 0 = 4*n + 4*v - 6*v - 1906. What is the units digit of n?
8
Let b(o) = -3*o**3 + 14*o**2 + 2*o**3 + 33 + 13*o - 7*o. What is the tens digit of b(14)?
1
Let x be (-2)/8 - 786/(-8). What is the units digit of -3 + (x - -1) - 1?
5
Let w(h) = -3*h - 1. Let d be w(-7). Let p = 58 + -63. Let g = d + p. What is the units digit of g?
5
Suppose -6 = 3*w + r, 3*w - 5*r + 2*r = -18. Let a be w*1 + (6 - -1). Suppose 0*y + a*y = -4*o + 64, 2*o - 5*y = 32. What is the units digit of o?
6
What is the hundreds digit of (-2983)/(-11) - ((-217)/77 + 3)?
2
Let h(b) = 13*b + 204. What is the units digit of h(-11)?
1
Suppose -93*z + 96*z - 582 = 0. Let n = -57 + z. What is the hundreds digit of n?
1
Suppose 5*n - 3*v - 20 = 0, 0 = -2*n + 5*v + 23 + 4. Let l(q) = -q + 2. Let f be l(n). Suppose -f = -t + 31. What is the tens digit of t?
3
Let u(f) = 85*f**3 - f**2 + 2*f - 1. Suppose -3*b = 1 - 4. What is the tens digit of u(b)?
8
Let k(w) be the first derivative of -27*w**2/2 - 3*w + 1. Suppose 2*p + 5 = -3*p. What is the units digit of k(p)?
4
Let h(p) be the second derivative of p**4/12 + 5*p**3/6 - 4*p**2 - 4*p. Let i be h(-7). Suppose 5*f + i = 36. What is the units digit of f?
6
Let l(c) = 56*c + 4. Let n(i) = -14*i - 1. Suppose o + 3*o = 4*x + 80, x + 5*o = -8. Let m(k) = x*n(k) - 4*l(k). What is the units digit of m(1)?
0
Let m = 3 + -2. Let u be 70 + (4 - (m - -1)). Suppose -3*d - 6 = -u. What is the tens digit of d?
2
Let b(a) = 182*a**3 + 5*a**2 - 12*a + 40. What is the units digit of b(3)?
3
Let r be (-9)/(-2)*6/9. Suppose 0 = r*v + 3*v. Suppose -25 = -v*i - i. What is the units digit of i?
5
Let z(c) = -c**3 - 8*c**2 - 36*c + 9. What is the tens digit of z(-11)?
6
Suppose -5*b + 3*a = -8625, 6*b = 3*a + 6721 + 3629. What is the units digit of b?
5
Let t = 3826 - 2318. What is the tens digit of t?
0
Let z be 207/12 - (-2)/(-8). Suppose -z*c = -1194 - 1050. What is the hundreds digit of c?
1
What is the tens digit of (126/(-24))/(3/(-464))?
1
Suppose 57*t - 37642 = 18218. What is the units digit of t?
0
Suppose -z - 4 = 0, 3*b - 1467 + 56 = z. What is the hundreds digit of b?
4
Let o(g) = g**2 - 10*g - 5. Let f be o(10). What is the hundreds digit of (-565)/f + 3 + -1?
1
Let b be 2/(-4) + 79/2. Suppose -4*h - 3*v + b = 0, 5*h + v - 47 = -12. What is the units digit of h?
6
Let z = 900 + -335. What is the tens digit of z?
6
Let t = 3 + -9. Suppose 5*x - 20 = -5*k + 10, -x - 3*k + 14 = 0. What is the units digit of ((-7)/x)/(1/t)?
1
Suppose 0 = -5*k - 0 + 15. Suppose -3*v + 5*h = -55 - 79, -138 = -3*v + k*h. What is the units digit of v?
8
Suppose 4*b + 93*h - 94*h - 11185 = 0, -2*b + 5*h + 5597 = 0. What is the thousands digit of b?
2
Suppose 2*b + 2*j - 7 = 9, -4 = -5*b + 4*j. Suppose -38 = t + 4*m, 3*t = t - b*m - 60. Let r = t - -45. What is the tens digit of r?
2
Let b(j) = -11*j - 4. Let y be b(-1). Let l(o) = 3*o**2 - 9*o + 9. What is the tens digit of l(y)?
9
Let q(v) = -v**2 - 12*v + 2. Let x be q(-12). Suppose 0 = -x*n - 25 + 67. What is the units digit of n?
1
Let l(x) = -x**2 - 16*x - 13. Let i be l(-11). Suppose -i = -t + 8. What is the units digit of t?
0
Let k = -75 - -78. What is the units digit of (k/((-36)/417))/((-2)/8)?
9
Let l = -1465 - -2207. Suppose 3*q - 732 = -5*y, l = 5*q - 4*y - 441. What is the hundreds digit of q?
2
Suppose -4*t = 2*t - 30. Suppose -5*h - 261 = -4*u, t*u - 187 - 123 = 3*h. What is the units digit of u?
9
Let i(l) = -14*l**2 - 3*l + 6. Let f be i(2). Let p = 244 + f. What is the units digit of p?
8
Let q(j) = -31*j - 7. Let n(l) = l + 2. Let c be n(-5). What is the tens digit of q(c)?
8
Let q = 1451 - 689. What is the tens digit of q?
6
Let v = -11 - -21. Let g = v - -56. What is the tens digit of g?
6
Suppose 12*p - 17 - 43 = 0. Suppose -p*c - 2*s = -252 - 300, 0 = -c - 2*s + 112. What is the hundreds digit of c?
1
Let b(g) = -9*g + 149. What is the units digit of b(8)?
7
Let r be 2 - (3/3)/1. Let y(n) = 4*n**3. Let m be y(r). What is the units digit of (-1 + -1)*(-26)/m?
3
Let u(z) = -15*z**3 + 5*z**2 + 3*z + 28. What is the hundreds digit of u(-6)?
4
Let l(u) = -u**3 - 9*u**2 - 2*u - 8. Let p be l(-11). Suppose -4*s - 3*o + p = -4, -5*o = 3*s - 206. What is the units digit of s?
2
Let s(z) = 18*z**2 - 12*z - 19. What is the units digit of s(-6)?
1
Let n = 29 + -23. Suppose -4*s - 2*v - n = -s, 2*v + 6 = s. Suppose s*p + 119 = 4*x - 